{"id":708,"date":"2014-11-02T20:39:39","date_gmt":"2014-11-02T19:39:39","guid":{"rendered":"http:\/\/www.iln-norderstedt.de\/?page_id=708"},"modified":"2015-01-24T16:59:13","modified_gmt":"2015-01-24T15:59:13","slug":"ihre-meinung-bitte-radfahren-in-norderstedt","status":"publish","type":"page","link":"https:\/\/www.iln-norderstedt.de\/?page_id=708","title":{"rendered":"Ihre Meinung bitte: Wie fahrradfreundlich ist Norderstedt?"},"content":{"rendered":"<p><a href=\"http:\/\/www.fahrradklima-test.de\" target=\"_blank\"><img loading=\"lazy\" class=\"alignnone size-full wp-image-707\" src=\"http:\/\/www.iln-norderstedt.de\/wp-content\/uploads\/2014\/11\/fahrradklima-test.jpg\" alt=\"fahrradklima-test. Grafik: ADFC\" width=\"148\" height=\"228\" \/><\/a><\/p>\n<p>Im Fr\u00fchjahr 2015 ver\u00f6ffentlicht der Allgemeine Deutsche Fahrrad-Club das Ergebnis einer Umfrage, in der auch Norderstedt bewertet worden ist. Es ging darum, die Fahrradfreundlichkeit der eigenen Stadt zu bewerten.\u00a0 Unter <a href=\"http:\/\/www.fahrradklima-test.de\" target=\"_blank\">www.fahrradklima-test.de<\/a> konnte jedermann bis zum 30. November 2014 einen Online-Fragebogen ausf\u00fcllen.\u00a0Gefragt wurde zum Beispiel, wie oft man das Fahrrad nutzt, ob man das Stadtzentrum gut mit dem Rad erreichen kann, wie die Stadt Fahrradwege reinigt und sie im Winter streut. Thema war auch, ob es Konflikte zwischen Radfahrern und Fu\u00dfg\u00e4ngern sowie Konflikte zwischen Radfahrern und Autofahrern gibt.<\/p>\n<p>Damit die Bewertung f\u00fcr eine bestimmte Stadt als aussagekr\u00e4ftig gilt, m\u00fcssen mindestens 50 Teilnehmer die Stadt beurteilt haben. Im Jahr 2012 haben mehr als 80.000 Menschen 332 St\u00e4dte bewertet. Sieger ist M\u00fcnster geworden.<\/p>\n","protected":false},"excerpt":{"rendered":"<p>Im Fr\u00fchjahr 2015 ver\u00f6ffentlicht der Allgemeine Deutsche Fahrrad-Club das Ergebnis einer Umfrage, in der auch Norderstedt bewertet worden ist. Es ging darum, die Fahrradfreundlichkeit der eigenen Stadt zu bewerten.\u00a0 Unter www.fahrradklima-test.de konnte jedermann bis zum 30. November 2014 einen Online-Fragebogen ausf\u00fcllen.\u00a0Gefragt wurde zum Beispiel, wie oft man das Fahrrad nutzt, ob man das Stadtzentrum gut &hellip; <a href=\"https:\/\/www.iln-norderstedt.de\/?page_id=708\" class=\"more-link\"><span class=\"screen-reader-text\">Ihre Meinung bitte: Wie fahrradfreundlich ist Norderstedt?<\/span> weiterlesen <span class=\"meta-nav\">&rarr;<\/span><\/a><\/p>\n","protected":false},"author":11,"featured_media":0,"parent":0,"menu_order":0,"comment_status":"closed","ping_status":"closed","template":"","meta":[],"_links":{"self":[{"href":"https:\/\/www.iln-norderstedt.de\/index.php?rest_route=\/wp\/v2\/pages\/708"}],"collection":[{"href":"https:\/\/www.iln-norderstedt.de\/index.php?rest_route=\/wp\/v2\/pages"}],"about":[{"href":"https:\/\/www.iln-norderstedt.de\/index.php?rest_route=\/wp\/v2\/types\/page"}],"author":[{"embeddable":true,"href":"https:\/\/www.iln-norderstedt.de\/index.php?rest_route=\/wp\/v2\/users\/11"}],"replies":[{"embeddable":true,"href":"https:\/\/www.iln-norderstedt.de\/index.php?rest_route=%2Fwp%2Fv2%2Fcomments&post=708"}],"version-history":[{"count":9,"href":"https:\/\/www.iln-norderstedt.de\/index.php?rest_route=\/wp\/v2\/pages\/708\/revisions"}],"predecessor-version":[{"id":711,"href":"https:\/\/www.iln-norderstedt.de\/index.php?rest_route=\/wp\/v2\/pages\/708\/revisions\/711"}],"wp:attachment":[{"href":"https:\/\/www.iln-norderstedt.de\/index.php?rest_route=%2Fwp%2Fv2%2Fmedia&parent=708"}],"curies":[{"name":"wp","href":"https:\/\/api.w.org\/{rel}","templated":true}]}}