{"id":676,"date":"2014-05-06T19:50:14","date_gmt":"2014-05-06T18:50:14","guid":{"rendered":"http:\/\/www.iln-norderstedt.de\/?page_id=676"},"modified":"2014-05-06T19:50:14","modified_gmt":"2014-05-06T18:50:14","slug":"umsetzung-in-norderstedt","status":"publish","type":"page","link":"https:\/\/www.iln-norderstedt.de\/?page_id=676","title":{"rendered":"Umsetzung in Norderstedt"},"content":{"rendered":"<p><strong>Erster L\u00e4rmaktionsplan 2008<\/strong><\/p>\n<p>Norderstedt geh\u00f6rt zu einem \u201eBallungsraum\u201c, wie ihn die EU-Umgebungsl\u00e4rmrichtlinie nennt, und hat im Jahr 2008 zum ersten Mal einen auf f\u00fcnf Jahre angelegten\u00a0<a href=\"http:\/\/lmp-norderstedt-2013.de\/index.php?content=51\" target=\"_blank\">L\u00e4rmaktionsplan<\/a> mit L\u00e4rmkarten erstellt. Die ILN hat daran mitgewirkt. Im Jahr 2013 \u00a0hat die Stadt einen Entwurf f\u00fcr die Zeit von 2013 bis 2018 erstellt. Er kann inklusive der L\u00e4rmkarten auf der Website der Stadt Norderstedt\u00a0<a href=\"http:\/\/www.norderstedt.de\/PDF\/P2430_130927_ENTWURF_LAP_Norderstedt_2_.PDF?ObjSvrID=1917&amp;ObjID=3379&amp;ObjLa=1&amp;Ext=PDF&amp;WTR=1&amp;_ts=1384419675\" target=\"_blank\">hier<\/a> eingesehen werden.<\/p>\n<p><strong>Kritik am L\u00e4rmaktionsplan<\/strong><\/p>\n<p>Der L\u00e4rm ist allerdings nicht aufgrund von Messungen in die Karten eingegangen, sondern errechnet worden, und zwar anhand von Verkehrsz\u00e4hlungen und durchschnittlichen L\u00e4rm-Emissionen der Fahrzeugtypen. Berechnungsgrundlage war: Kein Fahrzeug f\u00e4hrt schneller als erlaubt. Die L\u00e4rmkarten haben daher zwei Nachteile:<\/p>\n<p>1)\u00a0Sie ber\u00fccksichtigen nicht die tats\u00e4chlichen Fahrgeschwindigkeiten.<br \/>\n2)\u00a0Sie vernachl\u00e4ssigen die Gesundheitsgefahren durch zeitweilig auftretenden L\u00e4rm.<\/p>\n<p>Beispiel Verkehrsl\u00e4rm: Gerade in Wohngebieten in der Nacht, wenn Fahrzeugf\u00fchrer sicher sein k\u00f6nnen, nicht kontrolliert zu werden, fahren sie h\u00e4ufig schneller als erlaubt und verursachen L\u00e4rm, den keine L\u00e4rmkarte zeigt.<\/p>\n","protected":false},"excerpt":{"rendered":"<p>Erster L\u00e4rmaktionsplan 2008 Norderstedt geh\u00f6rt zu einem \u201eBallungsraum\u201c, wie ihn die EU-Umgebungsl\u00e4rmrichtlinie nennt, und hat im Jahr 2008 zum ersten Mal einen auf f\u00fcnf Jahre angelegten\u00a0L\u00e4rmaktionsplan mit L\u00e4rmkarten erstellt. Die ILN hat daran mitgewirkt. Im Jahr 2013 \u00a0hat die Stadt einen Entwurf f\u00fcr die Zeit von 2013 bis 2018 erstellt. Er kann inklusive der L\u00e4rmkarten &hellip; <a href=\"https:\/\/www.iln-norderstedt.de\/?page_id=676\" class=\"more-link\"><span class=\"screen-reader-text\">Umsetzung in Norderstedt<\/span> weiterlesen <span class=\"meta-nav\">&rarr;<\/span><\/a><\/p>\n","protected":false},"author":11,"featured_media":0,"parent":0,"menu_order":0,"comment_status":"closed","ping_status":"closed","template":"","meta":[],"_links":{"self":[{"href":"https:\/\/www.iln-norderstedt.de\/index.php?rest_route=\/wp\/v2\/pages\/676"}],"collection":[{"href":"https:\/\/www.iln-norderstedt.de\/index.php?rest_route=\/wp\/v2\/pages"}],"about":[{"href":"https:\/\/www.iln-norderstedt.de\/index.php?rest_route=\/wp\/v2\/types\/page"}],"author":[{"embeddable":true,"href":"https:\/\/www.iln-norderstedt.de\/index.php?rest_route=\/wp\/v2\/users\/11"}],"replies":[{"embeddable":true,"href":"https:\/\/www.iln-norderstedt.de\/index.php?rest_route=%2Fwp%2Fv2%2Fcomments&post=676"}],"version-history":[{"count":1,"href":"https:\/\/www.iln-norderstedt.de\/index.php?rest_route=\/wp\/v2\/pages\/676\/revisions"}],"predecessor-version":[{"id":677,"href":"https:\/\/www.iln-norderstedt.de\/index.php?rest_route=\/wp\/v2\/pages\/676\/revisions\/677"}],"wp:attachment":[{"href":"https:\/\/www.iln-norderstedt.de\/index.php?rest_route=%2Fwp%2Fv2%2Fmedia&parent=676"}],"curies":[{"name":"wp","href":"https:\/\/api.w.org\/{rel}","templated":true}]}}