{"id":585,"date":"2014-03-15T15:48:51","date_gmt":"2014-03-15T14:48:51","guid":{"rendered":"http:\/\/www.iln-norderstedt.de\/?page_id=585"},"modified":"2014-09-30T15:01:52","modified_gmt":"2014-09-30T14:01:52","slug":"presseinformationen","status":"publish","type":"page","link":"https:\/\/www.iln-norderstedt.de\/?page_id=585","title":{"rendered":"Presseinformationen"},"content":{"rendered":"<h5>Norderstedter Wochenblatt vom 19.3.2014:<\/h5>\n<p>Chancen f\u00fcr Rad-Schnellweg von Norderstedt nach Hamburg. Verkehrsausschuss stimmt f\u00fcr Trasse. Im Sommer Details zu Pl\u00e4nen. Siehe hierzu: <a href=\"http:\/\/www.hamburg.adfc.de\/verkehr\/themen\/velorouten\/radschnellweg-hamburg-nord\/\">http:\/\/www.hamburg.adfc.de\/verkehr\/themen\/velorouten\/radschnellweg-hamburg-nord\/<\/a>\u200e<\/p>\n<div><strong>Norderstedter Zeitung vom 25.9.2014:<\/strong><\/div>\n<div>&#8222;H\u00f6fliche Autofahrer sorgen hier regelm\u00e4\u00dfig f\u00fcr Beinahe-Auffahrunf\u00e4lle&#8220;. Autor (abm).<\/div>\n<div>Dieser Artikel beschreibt die Gefahrensituation \u00a0der Querungshilfe auf der Marommer Stra\u00dfe. Herr Nothaft von der FDP-Fraktion bittet die Stadtverwaltung \u00a0um eine\u00a0Pr\u00fcfung und Verbesserung der Situation, da die Marommer Stra\u00dfe viel befahren wird und ein starker Fu\u00df- und Radverkehr die Stra\u00dfe quert.<\/div>\n","protected":false},"excerpt":{"rendered":"<p>Norderstedter Wochenblatt vom 19.3.2014: Chancen f\u00fcr Rad-Schnellweg von Norderstedt nach Hamburg. Verkehrsausschuss stimmt f\u00fcr Trasse. Im Sommer Details zu Pl\u00e4nen. Siehe hierzu: http:\/\/www.hamburg.adfc.de\/verkehr\/themen\/velorouten\/radschnellweg-hamburg-nord\/\u200e Norderstedter Zeitung vom 25.9.2014: &#8222;H\u00f6fliche Autofahrer sorgen hier regelm\u00e4\u00dfig f\u00fcr Beinahe-Auffahrunf\u00e4lle&#8220;. Autor (abm). Dieser Artikel beschreibt die Gefahrensituation \u00a0der Querungshilfe auf der Marommer Stra\u00dfe. Herr Nothaft von der FDP-Fraktion bittet die Stadtverwaltung &hellip; <a href=\"https:\/\/www.iln-norderstedt.de\/?page_id=585\" class=\"more-link\"><span class=\"screen-reader-text\">Presseinformationen<\/span> weiterlesen <span class=\"meta-nav\">&rarr;<\/span><\/a><\/p>\n","protected":false},"author":4,"featured_media":0,"parent":0,"menu_order":0,"comment_status":"closed","ping_status":"closed","template":"","meta":[],"_links":{"self":[{"href":"https:\/\/www.iln-norderstedt.de\/index.php?rest_route=\/wp\/v2\/pages\/585"}],"collection":[{"href":"https:\/\/www.iln-norderstedt.de\/index.php?rest_route=\/wp\/v2\/pages"}],"about":[{"href":"https:\/\/www.iln-norderstedt.de\/index.php?rest_route=\/wp\/v2\/types\/page"}],"author":[{"embeddable":true,"href":"https:\/\/www.iln-norderstedt.de\/index.php?rest_route=\/wp\/v2\/users\/4"}],"replies":[{"embeddable":true,"href":"https:\/\/www.iln-norderstedt.de\/index.php?rest_route=%2Fwp%2Fv2%2Fcomments&post=585"}],"version-history":[{"count":10,"href":"https:\/\/www.iln-norderstedt.de\/index.php?rest_route=\/wp\/v2\/pages\/585\/revisions"}],"predecessor-version":[{"id":608,"href":"https:\/\/www.iln-norderstedt.de\/index.php?rest_route=\/wp\/v2\/pages\/585\/revisions\/608"}],"wp:attachment":[{"href":"https:\/\/www.iln-norderstedt.de\/index.php?rest_route=%2Fwp%2Fv2%2Fmedia&parent=585"}],"curies":[{"name":"wp","href":"https:\/\/api.w.org\/{rel}","templated":true}]}}