{"id":563,"date":"2014-03-01T17:00:17","date_gmt":"2014-03-01T16:00:17","guid":{"rendered":"http:\/\/www.iln-norderstedt.de\/?page_id=563"},"modified":"2014-05-12T16:26:32","modified_gmt":"2014-05-12T15:26:32","slug":"strassenbeleuchtung","status":"publish","type":"page","link":"https:\/\/www.iln-norderstedt.de\/?page_id=563","title":{"rendered":"Stra\u00dfenbeleuchtung"},"content":{"rendered":"<table id=\"post_153\" border=\"0\" cellspacing=\"0\" cellpadding=\"4\">\n<tbody>\n<tr>\n<td>\n<div id=\"pid_153\">Zur sozialen Sicherheit geh\u00f6rt eine ausreichende Beleuchtung der Fu\u00df- und Radwege. Als Standard sollte die Euronorm DIN EN 13201 gelten, die u.a. eine gute Ausleuchtung von Gehwegen und Konfliktzonen (Kreuzungen, \u00dcberwegen, Bushaltestellen&#8230;) fordert und Beleuchtungsst\u00e4rken definiert f\u00fcr &#8222;einwandfreie Gesichtserkennung&#8220;. Es gibt nach wie vor Fu\u00df- und Radwege 1. und 2. Ordnung (definiert nach dem neuen Fu\u00dfverkehrskonzept) mit kritischen Dunkelzonen. Das Amt Nachhaltiges Norderstedt hat zugesagt, die Euronorm DIN EN 13201 mit in das Fu\u00dfverkehrskonzept aufzunehmen.<\/div>\n<div>Stand:\u00a0 6.3.2014 (ES)<\/div>\n<div id=\"post_meta_153\"><\/div>\n<\/td>\n<\/tr>\n<tr>\n<td>\n<div><!-- start: postbit_find --><\/div>\n<\/td>\n<\/tr>\n<\/tbody>\n<\/table>\n","protected":false},"excerpt":{"rendered":"<p>Zur sozialen Sicherheit geh\u00f6rt eine ausreichende Beleuchtung der Fu\u00df- und Radwege. Als Standard sollte die Euronorm DIN EN 13201 gelten, die u.a. eine gute Ausleuchtung von Gehwegen und Konfliktzonen (Kreuzungen, \u00dcberwegen, Bushaltestellen&#8230;) fordert und Beleuchtungsst\u00e4rken definiert f\u00fcr &#8222;einwandfreie Gesichtserkennung&#8220;. Es gibt nach wie vor Fu\u00df- und Radwege 1. und 2. Ordnung (definiert nach dem neuen &hellip; <a href=\"https:\/\/www.iln-norderstedt.de\/?page_id=563\" class=\"more-link\"><span class=\"screen-reader-text\">Stra\u00dfenbeleuchtung<\/span> weiterlesen <span class=\"meta-nav\">&rarr;<\/span><\/a><\/p>\n","protected":false},"author":4,"featured_media":0,"parent":0,"menu_order":0,"comment_status":"closed","ping_status":"closed","template":"","meta":[],"_links":{"self":[{"href":"https:\/\/www.iln-norderstedt.de\/index.php?rest_route=\/wp\/v2\/pages\/563"}],"collection":[{"href":"https:\/\/www.iln-norderstedt.de\/index.php?rest_route=\/wp\/v2\/pages"}],"about":[{"href":"https:\/\/www.iln-norderstedt.de\/index.php?rest_route=\/wp\/v2\/types\/page"}],"author":[{"embeddable":true,"href":"https:\/\/www.iln-norderstedt.de\/index.php?rest_route=\/wp\/v2\/users\/4"}],"replies":[{"embeddable":true,"href":"https:\/\/www.iln-norderstedt.de\/index.php?rest_route=%2Fwp%2Fv2%2Fcomments&post=563"}],"version-history":[{"count":6,"href":"https:\/\/www.iln-norderstedt.de\/index.php?rest_route=\/wp\/v2\/pages\/563\/revisions"}],"predecessor-version":[{"id":695,"href":"https:\/\/www.iln-norderstedt.de\/index.php?rest_route=\/wp\/v2\/pages\/563\/revisions\/695"}],"wp:attachment":[{"href":"https:\/\/www.iln-norderstedt.de\/index.php?rest_route=%2Fwp%2Fv2%2Fmedia&parent=563"}],"curies":[{"name":"wp","href":"https:\/\/api.w.org\/{rel}","templated":true}]}}