{"id":505,"date":"2014-04-07T18:30:03","date_gmt":"2014-04-07T17:30:03","guid":{"rendered":"http:\/\/www.iln-norderstedt.de\/?page_id=505"},"modified":"2016-02-29T20:55:45","modified_gmt":"2016-02-29T19:55:45","slug":"gegen-raser","status":"publish","type":"page","link":"https:\/\/www.iln-norderstedt.de\/?page_id=505","title":{"rendered":"Gegen Raser"},"content":{"rendered":"<p>Norderstedt, 24.02.2016. Darf Norderstedt selbst blitzen? Lange hat es gedauert, aber im Sommer 2016 soll es endlich losgehen: Die Stadtverwaltung wird gegen Verkehrsl\u00e4rm aktiv, indem sie Raser blitzt und Bu\u00dfgeldbescheide versendet. Im Sommer sollen die Ger\u00e4te beschafft und die notwendigen Mitarbeiter vorhanden sein. Die Norderstedter Blitzer sehen moderner und unauff\u00e4lliger aus als der bekannte Starenkasten, den das u. a. Foto zeigt.<\/p>\n<p><img loading=\"lazy\" class=\"alignnone size-full wp-image-497\" src=\"http:\/\/www.iln-norderstedt.de\/wp-content\/uploads\/2014\/02\/Starenkasten-klein.jpg\" alt=\"Starenkasten klein. Foto: Segatz\" width=\"148\" height=\"165\" \/><br \/>\n<b>Diesen Blitzer kennen Autofahrer von der Langenhorner Chaussee<\/b><\/p>\n<p>Anders als allgemein \u00fcblich, werden die Norderstedter Geschwindigkeitskontrollen nicht an Unfallschwerpunkten eingesetzt, sondern dienen ausdr\u00fccklich dem L\u00e4rmschutz. Um die Unfallschwerpunkte k\u00fcmmert sich weiterhin der Kreis Segeberg. Die Einzelheiten des Vertrages zwischen dem Kreis und der Stadt sind im <a href=\"https:\/\/kreis-se.info\/bi\/vo020.asp?VOLFDNR=1925\" target=\"_blank\">B\u00fcrgerinformationssystem<\/a> des Kreises nachzulesen.<\/p>\n<p>Sieben feste Kameras und zwei mobile soll es geben. Sie sind zerst\u00f6rungssicher auf Masten montiert und \u00fcbertragen ihre Daten mittels WLAN sofort an die Zentrale. Um ihre Wirkung zu erh\u00f6hen, will die Stadtverwaltung mehr Masten aufbauen als sie Kameras besitzt. Autofahrer wissen beim Vorbeifahren nie, ob sich in dem Mast gerade eine aktive Kamera befindet.<\/p>\n<p>Vorschl\u00e4ge, wo gemessen werden soll, kann man im <a href=\"http:\/\/iln-norderstedt.de\/forum\/thread-165.html\">Diskussionsforum der ILN<\/a> hinterlassen.<\/p>\n","protected":false},"excerpt":{"rendered":"<p>Norderstedt, 24.02.2016. Darf Norderstedt selbst blitzen? Lange hat es gedauert, aber im Sommer 2016 soll es endlich losgehen: Die Stadtverwaltung wird gegen Verkehrsl\u00e4rm aktiv, indem sie Raser blitzt und Bu\u00dfgeldbescheide versendet. Im Sommer sollen die Ger\u00e4te beschafft und die notwendigen Mitarbeiter vorhanden sein. Die Norderstedter Blitzer sehen moderner und unauff\u00e4lliger aus als der bekannte Starenkasten, &hellip; <a href=\"https:\/\/www.iln-norderstedt.de\/?page_id=505\" class=\"more-link\"><span class=\"screen-reader-text\">Gegen Raser<\/span> weiterlesen <span class=\"meta-nav\">&rarr;<\/span><\/a><\/p>\n","protected":false},"author":11,"featured_media":0,"parent":540,"menu_order":0,"comment_status":"closed","ping_status":"closed","template":"","meta":[],"_links":{"self":[{"href":"https:\/\/www.iln-norderstedt.de\/index.php?rest_route=\/wp\/v2\/pages\/505"}],"collection":[{"href":"https:\/\/www.iln-norderstedt.de\/index.php?rest_route=\/wp\/v2\/pages"}],"about":[{"href":"https:\/\/www.iln-norderstedt.de\/index.php?rest_route=\/wp\/v2\/types\/page"}],"author":[{"embeddable":true,"href":"https:\/\/www.iln-norderstedt.de\/index.php?rest_route=\/wp\/v2\/users\/11"}],"replies":[{"embeddable":true,"href":"https:\/\/www.iln-norderstedt.de\/index.php?rest_route=%2Fwp%2Fv2%2Fcomments&post=505"}],"version-history":[{"count":33,"href":"https:\/\/www.iln-norderstedt.de\/index.php?rest_route=\/wp\/v2\/pages\/505\/revisions"}],"predecessor-version":[{"id":738,"href":"https:\/\/www.iln-norderstedt.de\/index.php?rest_route=\/wp\/v2\/pages\/505\/revisions\/738"}],"up":[{"embeddable":true,"href":"https:\/\/www.iln-norderstedt.de\/index.php?rest_route=\/wp\/v2\/pages\/540"}],"wp:attachment":[{"href":"https:\/\/www.iln-norderstedt.de\/index.php?rest_route=%2Fwp%2Fv2%2Fmedia&parent=505"}],"curies":[{"name":"wp","href":"https:\/\/api.w.org\/{rel}","templated":true}]}}