{"id":17,"date":"2013-06-30T18:25:48","date_gmt":"2013-06-30T16:25:48","guid":{"rendered":"http:\/\/www.isdnsoftware.de\/iln\/?page_id=17"},"modified":"2015-12-08T21:44:03","modified_gmt":"2015-12-08T20:44:03","slug":"thema-1","status":"publish","type":"page","link":"https:\/\/www.iln-norderstedt.de\/?page_id=17","title":{"rendered":"L\u00e4rm"},"content":{"rendered":"<p><strong>Was hei\u00dft hier L\u00e4rm?<\/strong><\/p>\n<p>Jeder kennt ihn, aber jeder versteht unter L\u00e4rm etwas anderes. Laut Volksmund machen L\u00e4rm immer nur die anderen. L\u00e4rm wird von den \u201cOpfern\u201d als unerw\u00fcnschter oder st\u00f6render lauter Schall verstanden. Die Experten sagen: L\u00e4rm ist definiert als ein lauter Ger\u00e4uschpegel oder hoher Schalldruckpegel mit einer starken subjektiven Negativ-Komponente.<\/p>\n<p>Besonders st\u00f6rend ist in Norderstedt der Verkehrs- und Flugl\u00e4rm. Es gilt als medizinisch erwiesen, dass ein L\u00e4rmpegel von \u00fcber 65 dB(A) tags\u00fcber und oberhalb 55 dB(A) nachts gesundheitssch\u00e4digend sind. Erhebungen zeigen, dass mehr als 7 % der Bev\u00f6lkerung davon betroffen sind.<\/p>\n<p>Die Interhyp AG, Kreditvermittler f\u00fcr Immobilien, hat im Jahr 2015 in einer Studie ermittelt: 65 Prozent der Deutschen f\u00fchlen sich in ihrer Wohnumgebung von L\u00e4rm bel\u00e4stigt. Meistgenannte St\u00f6rquelle ist der Stra\u00dfenverkehrsl\u00e4rm. Die Studie kann <a href=\"https:\/\/www.interhyp.de\/medien\/pdf\/wohntraumstudie-interhyp-2015.pdf\">hier<\/a> als PDF-Datei eingesehen werden.<\/p>\n<p>Norderstedt plant mit der &#8222;<a href=\"http:\/\/www.gr\u00fcneheyde-norderstedt.de\">Gr\u00fcnen Heyde<\/a>&#8220; ein Wohngebiet ohne Stra\u00dfenverkehrsl\u00e4rm, denn motorisierter Individualverkehr soll drau\u00dfen bleiben. Auch die Norderstedter Umgebung sollen die neuen Bewohner wenig mit L\u00e4rm bel\u00e4stigen, denn ein Auto sollen sie allenfalls als E-Auto aus dem Carsharing benutzen. Eine Insel der Seligen? Die Zukunft wird zeigen, welche Wirkung f\u00fcr das \u00fcbrige Norderstedt von der Gr\u00fcnen Heyde ausgeht.<\/p>\n","protected":false},"excerpt":{"rendered":"<p>Was hei\u00dft hier L\u00e4rm? Jeder kennt ihn, aber jeder versteht unter L\u00e4rm etwas anderes. Laut Volksmund machen L\u00e4rm immer nur die anderen. L\u00e4rm wird von den \u201cOpfern\u201d als unerw\u00fcnschter oder st\u00f6render lauter Schall verstanden. Die Experten sagen: L\u00e4rm ist definiert als ein lauter Ger\u00e4uschpegel oder hoher Schalldruckpegel mit einer starken subjektiven Negativ-Komponente. Besonders st\u00f6rend ist &hellip; <a href=\"https:\/\/www.iln-norderstedt.de\/?page_id=17\" class=\"more-link\"><span class=\"screen-reader-text\">L\u00e4rm<\/span> weiterlesen <span class=\"meta-nav\">&rarr;<\/span><\/a><\/p>\n","protected":false},"author":11,"featured_media":0,"parent":0,"menu_order":0,"comment_status":"closed","ping_status":"closed","template":"","meta":[],"_links":{"self":[{"href":"https:\/\/www.iln-norderstedt.de\/index.php?rest_route=\/wp\/v2\/pages\/17"}],"collection":[{"href":"https:\/\/www.iln-norderstedt.de\/index.php?rest_route=\/wp\/v2\/pages"}],"about":[{"href":"https:\/\/www.iln-norderstedt.de\/index.php?rest_route=\/wp\/v2\/types\/page"}],"author":[{"embeddable":true,"href":"https:\/\/www.iln-norderstedt.de\/index.php?rest_route=\/wp\/v2\/users\/11"}],"replies":[{"embeddable":true,"href":"https:\/\/www.iln-norderstedt.de\/index.php?rest_route=%2Fwp%2Fv2%2Fcomments&post=17"}],"version-history":[{"count":12,"href":"https:\/\/www.iln-norderstedt.de\/index.php?rest_route=\/wp\/v2\/pages\/17\/revisions"}],"predecessor-version":[{"id":730,"href":"https:\/\/www.iln-norderstedt.de\/index.php?rest_route=\/wp\/v2\/pages\/17\/revisions\/730"}],"wp:attachment":[{"href":"https:\/\/www.iln-norderstedt.de\/index.php?rest_route=%2Fwp%2Fv2%2Fmedia&parent=17"}],"curies":[{"name":"wp","href":"https:\/\/api.w.org\/{rel}","templated":true}]}}